{"id":1043,"date":"2023-11-02T18:22:01","date_gmt":"2023-11-02T18:22:01","guid":{"rendered":"https:\/\/slatina-community.com\/?page_id=1043"},"modified":"2023-11-05T10:30:44","modified_gmt":"2023-11-05T10:30:44","slug":"slatina-community","status":"publish","type":"page","link":"https:\/\/slatina-community.com\/index.php\/slatina-community\/","title":{"rendered":"Slatina community"},"content":{"rendered":"","protected":false},"excerpt":{"rendered":"","protected":false},"author":1,"featured_media":0,"parent":0,"menu_order":0,"comment_status":"closed","ping_status":"closed","template":"elementor_header_footer","meta":{"om_disable_all_campaigns":false,"footnotes":""},"class_list":["post-1043","page","type-page","status-publish","hentry"],"yoast_head":"<!-- This site is optimized with the Yoast SEO plugin v22.5 - https:\/\/yoast.com\/wordpress\/plugins\/seo\/ -->\n<title>Slatina community - Crveni kriz Slatina<\/title>\n<meta name=\"description\" content=\"Istra\u017eite inicijative Crvenog kri\u017ea u Slatini koje povezuju i podr\u017eavaju lokalnu zajednicu. Saznajte o na\u0161im naporima za pobolj\u0161anje blagostanja stanovnika Slatine i kako se mo\u017eete uklju\u010diti u izgradnju ja\u010de i otpornije zajednice. Pridru\u017eite nam se u stvaranju pozitivnog utjecaja u Slatini.\" \/>\n<meta name=\"robots\" content=\"index, follow, max-snippet:-1, max-image-preview:large, max-video-preview:-1\" \/>\n<link rel=\"canonical\" href=\"https:\/\/slatina-community.com\/index.php\/slatina-community\/\" \/>\n<meta property=\"og:locale\" content=\"hr_HR\" \/>\n<meta property=\"og:type\" content=\"article\" \/>\n<meta property=\"og:title\" content=\"Slatina community - Crveni kriz Slatina\" \/>\n<meta property=\"og:description\" content=\"Istra\u017eite inicijative Crvenog kri\u017ea u Slatini koje povezuju i podr\u017eavaju lokalnu zajednicu. Saznajte o na\u0161im naporima za pobolj\u0161anje blagostanja stanovnika Slatine i kako se mo\u017eete uklju\u010diti u izgradnju ja\u010de i otpornije zajednice. Pridru\u017eite nam se u stvaranju pozitivnog utjecaja u Slatini.\" \/>\n<meta property=\"og:url\" content=\"https:\/\/slatina-community.com\/index.php\/slatina-community\/\" \/>\n<meta property=\"og:site_name\" content=\"Crveni kriz Slatina\" \/>\n<meta property=\"article:modified_time\" content=\"2023-11-05T10:30:44+00:00\" \/>\n<meta name=\"twitter:card\" content=\"summary_large_image\" \/>\n<script type=\"application\/ld+json\" class=\"yoast-schema-graph\">{\"@context\":\"https:\/\/schema.org\",\"@graph\":[{\"@type\":\"WebPage\",\"@id\":\"https:\/\/slatina-community.com\/index.php\/slatina-community\/\",\"url\":\"https:\/\/slatina-community.com\/index.php\/slatina-community\/\",\"name\":\"Slatina community - Crveni kriz Slatina\",\"isPartOf\":{\"@id\":\"https:\/\/slatina-community.com\/#website\"},\"datePublished\":\"2023-11-02T18:22:01+00:00\",\"dateModified\":\"2023-11-05T10:30:44+00:00\",\"description\":\"Istra\u017eite inicijative Crvenog kri\u017ea u Slatini koje povezuju i podr\u017eavaju lokalnu zajednicu. Saznajte o na\u0161im naporima za pobolj\u0161anje blagostanja stanovnika Slatine i kako se mo\u017eete uklju\u010diti u izgradnju ja\u010de i otpornije zajednice. Pridru\u017eite nam se u stvaranju pozitivnog utjecaja u Slatini.\",\"breadcrumb\":{\"@id\":\"https:\/\/slatina-community.com\/index.php\/slatina-community\/#breadcrumb\"},\"inLanguage\":\"hr\",\"potentialAction\":[{\"@type\":\"ReadAction\",\"target\":[\"https:\/\/slatina-community.com\/index.php\/slatina-community\/\"]}]},{\"@type\":\"BreadcrumbList\",\"@id\":\"https:\/\/slatina-community.com\/index.php\/slatina-community\/#breadcrumb\",\"itemListElement\":[{\"@type\":\"ListItem\",\"position\":1,\"name\":\"Home\",\"item\":\"https:\/\/slatina-community.com\/\"},{\"@type\":\"ListItem\",\"position\":2,\"name\":\"Slatina community\"}]},{\"@type\":\"WebSite\",\"@id\":\"https:\/\/slatina-community.com\/#website\",\"url\":\"https:\/\/slatina-community.com\/\",\"name\":\"Crveni kri\u017e Slatina\",\"description\":\"crveni-kri\u017e slatina\",\"publisher\":{\"@id\":\"https:\/\/slatina-community.com\/#organization\"},\"alternateName\":\"Gradsko dru\u0161tvo crvenog kri\u017ea Slatina\",\"potentialAction\":[{\"@type\":\"SearchAction\",\"target\":{\"@type\":\"EntryPoint\",\"urlTemplate\":\"https:\/\/slatina-community.com\/?s={search_term_string}\"},\"query-input\":\"required name=search_term_string\"}],\"inLanguage\":\"hr\"},{\"@type\":\"Organization\",\"@id\":\"https:\/\/slatina-community.com\/#organization\",\"name\":\"Crveni kri\u017e Slatina\",\"url\":\"https:\/\/slatina-community.com\/\",\"logo\":{\"@type\":\"ImageObject\",\"inLanguage\":\"hr\",\"@id\":\"https:\/\/slatina-community.com\/#\/schema\/logo\/image\/\",\"url\":\"https:\/\/slatina-community.com\/wp-content\/uploads\/2023\/04\/cropped-109-Slatina.png\",\"contentUrl\":\"https:\/\/slatina-community.com\/wp-content\/uploads\/2023\/04\/cropped-109-Slatina.png\",\"width\":1800,\"height\":512,\"caption\":\"Crveni kri\u017e Slatina\"},\"image\":{\"@id\":\"https:\/\/slatina-community.com\/#\/schema\/logo\/image\/\"}}]}<\/script>\n<!-- \/ Yoast SEO plugin. -->","yoast_head_json":{"title":"Slatina community - Crveni kriz Slatina","description":"Istra\u017eite inicijative Crvenog kri\u017ea u Slatini koje povezuju i podr\u017eavaju lokalnu zajednicu. Saznajte o na\u0161im naporima za pobolj\u0161anje blagostanja stanovnika Slatine i kako se mo\u017eete uklju\u010diti u izgradnju ja\u010de i otpornije zajednice. Pridru\u017eite nam se u stvaranju pozitivnog utjecaja u Slatini.","robots":{"index":"index","follow":"follow","max-snippet":"max-snippet:-1","max-image-preview":"max-image-preview:large","max-video-preview":"max-video-preview:-1"},"canonical":"https:\/\/slatina-community.com\/index.php\/slatina-community\/","og_locale":"hr_HR","og_type":"article","og_title":"Slatina community - Crveni kriz Slatina","og_description":"Istra\u017eite inicijative Crvenog kri\u017ea u Slatini koje povezuju i podr\u017eavaju lokalnu zajednicu. Saznajte o na\u0161im naporima za pobolj\u0161anje blagostanja stanovnika Slatine i kako se mo\u017eete uklju\u010diti u izgradnju ja\u010de i otpornije zajednice. Pridru\u017eite nam se u stvaranju pozitivnog utjecaja u Slatini.","og_url":"https:\/\/slatina-community.com\/index.php\/slatina-community\/","og_site_name":"Crveni kriz Slatina","article_modified_time":"2023-11-05T10:30:44+00:00","twitter_card":"summary_large_image","schema":{"@context":"https:\/\/schema.org","@graph":[{"@type":"WebPage","@id":"https:\/\/slatina-community.com\/index.php\/slatina-community\/","url":"https:\/\/slatina-community.com\/index.php\/slatina-community\/","name":"Slatina community - Crveni kriz Slatina","isPartOf":{"@id":"https:\/\/slatina-community.com\/#website"},"datePublished":"2023-11-02T18:22:01+00:00","dateModified":"2023-11-05T10:30:44+00:00","description":"Istra\u017eite inicijative Crvenog kri\u017ea u Slatini koje povezuju i podr\u017eavaju lokalnu zajednicu. Saznajte o na\u0161im naporima za pobolj\u0161anje blagostanja stanovnika Slatine i kako se mo\u017eete uklju\u010diti u izgradnju ja\u010de i otpornije zajednice. Pridru\u017eite nam se u stvaranju pozitivnog utjecaja u Slatini.","breadcrumb":{"@id":"https:\/\/slatina-community.com\/index.php\/slatina-community\/#breadcrumb"},"inLanguage":"hr","potentialAction":[{"@type":"ReadAction","target":["https:\/\/slatina-community.com\/index.php\/slatina-community\/"]}]},{"@type":"BreadcrumbList","@id":"https:\/\/slatina-community.com\/index.php\/slatina-community\/#breadcrumb","itemListElement":[{"@type":"ListItem","position":1,"name":"Home","item":"https:\/\/slatina-community.com\/"},{"@type":"ListItem","position":2,"name":"Slatina community"}]},{"@type":"WebSite","@id":"https:\/\/slatina-community.com\/#website","url":"https:\/\/slatina-community.com\/","name":"Crveni kri\u017e Slatina","description":"crveni-kri\u017e slatina","publisher":{"@id":"https:\/\/slatina-community.com\/#organization"},"alternateName":"Gradsko dru\u0161tvo crvenog kri\u017ea Slatina","potentialAction":[{"@type":"SearchAction","target":{"@type":"EntryPoint","urlTemplate":"https:\/\/slatina-community.com\/?s={search_term_string}"},"query-input":"required name=search_term_string"}],"inLanguage":"hr"},{"@type":"Organization","@id":"https:\/\/slatina-community.com\/#organization","name":"Crveni kri\u017e Slatina","url":"https:\/\/slatina-community.com\/","logo":{"@type":"ImageObject","inLanguage":"hr","@id":"https:\/\/slatina-community.com\/#\/schema\/logo\/image\/","url":"https:\/\/slatina-community.com\/wp-content\/uploads\/2023\/04\/cropped-109-Slatina.png","contentUrl":"https:\/\/slatina-community.com\/wp-content\/uploads\/2023\/04\/cropped-109-Slatina.png","width":1800,"height":512,"caption":"Crveni kri\u017e Slatina"},"image":{"@id":"https:\/\/slatina-community.com\/#\/schema\/logo\/image\/"}}]}},"_links":{"self":[{"href":"https:\/\/slatina-community.com\/index.php\/wp-json\/wp\/v2\/pages\/1043","targetHints":{"allow":["GET"]}}],"collection":[{"href":"https:\/\/slatina-community.com\/index.php\/wp-json\/wp\/v2\/pages"}],"about":[{"href":"https:\/\/slatina-community.com\/index.php\/wp-json\/wp\/v2\/types\/page"}],"author":[{"embeddable":true,"href":"https:\/\/slatina-community.com\/index.php\/wp-json\/wp\/v2\/users\/1"}],"replies":[{"embeddable":true,"href":"https:\/\/slatina-community.com\/index.php\/wp-json\/wp\/v2\/comments?post=1043"}],"version-history":[{"count":1,"href":"https:\/\/slatina-community.com\/index.php\/wp-json\/wp\/v2\/pages\/1043\/revisions"}],"predecessor-version":[{"id":1044,"href":"https:\/\/slatina-community.com\/index.php\/wp-json\/wp\/v2\/pages\/1043\/revisions\/1044"}],"wp:attachment":[{"href":"https:\/\/slatina-community.com\/index.php\/wp-json\/wp\/v2\/media?parent=1043"}],"curies":[{"name":"wp","href":"https:\/\/api.w.org\/{rel}","templated":true}]}}